st common factor of 57 and v?
19
Suppose 0 = -5*l - 76 - 14. Let t = -11 - l. Suppose 2*k = 3 + t. What is the greatest common divisor of k and 35?
5
Suppose 0 = 5*u + 3*y - 545 - 433, 4*u + 3*y = 780. What is the greatest common divisor of u and 72?
18
Let s be (-2013)/(-30) - (8 + (-395)/50). Calculate the greatest common factor of 268 and s.
67
Let u be 4/(-5) + 2/(-10). Let j be 2 + -6 - (u + -16). What is the highest common factor of 39 and j?
13
Suppose 42*g - 195 = 39*g. Suppose -g*h + 69*h - 728 = 0. What is the greatest common factor of h and 26?
26
Let c(n) = n - 2. Let x be c(12). Let q(m) = -1 + 0*m - 8*m - 13. Let s be q(-13). What is the greatest common factor of x and s?
10
Suppose -i + 103 = -7. Suppose -3*u + 3*s = -8*u + 110, 88 = 4*u + 4*s. Calculate the highest common divisor of i and u.
22
Let x(f) = f**2 + 6*f. Let u be x(-7). Suppose -r = -0*r - 7. What is the greatest common factor of r and u?
7
Let q(z) be the first derivative of -z**4/4 + z**2/2 - 349*z - 5. Let b be q(0). Let l = 657 + b. Calculate the highest common divisor of l and 28.
28
Let y be ((60/14)/5)/((-1)/(-35)). Let k = -56 - -61. What is the greatest common divisor of y and k?
5
Let j(d) = d**3 + 5*d**2 + 8*d + 4. Let w be j(-6). Let k = -53 - w. What is the highest common factor of k and 6?
3
Let c = -136 - -196. Calculate the highest common divisor of 192 and c.
12
Let m(h) be the second derivative of -h**3/6 + 6*h**2 + 10*h. Let g be m(0). What is the greatest common factor of g and 6?
6
Let p = 47 - 47. Suppose p = -d + 33 - 8. Calculate the highest common factor of 100 and d.
25
Suppose 0*d = d - 248. Let j = 824 - 793. What is the greatest common factor of j and d?
31
Let a(y) = -8*y + 2. Let w = 32 + -33. Let l be a(w). What is the highest common factor of l and 15?
5
Let s(c) = -c**3 + 9*c**2 - 4*c - 19. Let t be s(8). Let b(r) = -130*r**3 + r**2 + 2*r + 1. Let f be b(-1). Calculate the greatest common factor of f and t.
13
Let f be (195/(-2))/(-15)*2. Calculate the highest common factor of 299 and f.
13
Let w be (0 - -3)/((-1)/(-42)). Suppose 117*y = 105*y + 168. What is the greatest common divisor of w and y?
14
Let t = 8 - -2. Suppose 8*a - t*a = 0. Suppose j - 4*g - 3 - 31 = a, -j = -2*g - 24. Calculate the greatest common factor of 2 and j.
2
Let t be (-779)/(-247) - (-2)/(-13). Let n = t - -6. Suppose 0 = -u - 7 + n. Calculate the highest common factor of 16 and u.
2
Let r = 177 + -173. What is the highest common divisor of r and 36?
4
Let o = 56 - 5. Suppose -4*q = -5*k + o, -4*k + 29 = -k - 2*q. Suppose -s = 4*s - 105. Calculate the greatest common factor of s and k.
7
Let y = 430 + -399. Calculate the greatest common factor of 434 and y.
31
Suppose 0 = -2*x + 5 + 15. Suppose -x*z = -14*z + 12. What is the highest common divisor of z and 27?
3
Let c(r) = -r**2 + 44*r + 80. Let v be c(14). What is the highest common divisor of v and 60?
20
Let m(w) = w**2 - 3*w - 6. Let r be m(4). Let y be 52/5 - r/(-5). Calculate the highest common divisor of y and 10.
10
Suppose 2*o = o + 12. Suppose 0 = -11*q + 9*q + o. Calculate the greatest common divisor of q and 9.
3
Suppose -y + 5340 = 5*h, -3*h - 3*y + 3211 = -y. Calculate the highest common factor of h and 11.
11
Let w(s) = 7*s - 44. Let f be w(8). Suppose 3*i - 1 - 5 = 0. Suppose 4*b - i = -2*m, 4*m + 2*b = -3 + 13. Calculate the greatest common factor of f and m.
3
Let r(i) = i**3 + 41*i**2 + 43*i + 137. Let n be r(-40). Let m(b) = -171*b**3 + b. Let v be m(-1). Calculate the greatest common factor of n and v.
17
Let c be -2 + (-3 - 10/(-1)). Suppose c*t - t - 36 = 0. Let n(k) = k**3 - 9*k**2 + k - 7. Let w be n(t). What is the highest common factor of w and 14?
2
Suppose -f + 5*u = u - 76, -4*f - 3*u + 342 = 0. Calculate the highest common factor of 12 and f.
12
Suppose -4*c + 25 = c. Suppose -h + c = -0. What is the highest common factor of h and 2?
1
Let p(q) = 4*q**2 - 76*q - 60. Let n be p(20). Calculate the highest common divisor of n and 8.
4
Suppose -4*b + 31 = -33. Suppose 3*v - 3*o - 765 = -0*v, 0 = -2*v + o + 515. Let w = v + -148. What is the highest common divisor of w and b?
16
Suppose 5*p + 176 - 36 = z, -148 = -z - 3*p. Suppose -z = -5*k + 50. What is the greatest common factor of 26 and k?
13
Suppose -3*b + 27 = -5*r, -b + 5*b = -3*r + 7. Suppose b*v + 19 - 55 = -2*c, 0 = 5*v + 15. What is the highest common divisor of 16 and c?
8
Let r(x) = -x**3 + 38*x**2 - 122*x + 24. Let a be r(33). What is the greatest common factor of a and 39?
39
Suppose 0*c + 1640 = 4*c. What is the highest common factor of c and 10?
10
Let s(y) = -y**3 - 18*y**2 - 17*y + 40. Let b be s(-17). Let r be (-143)/(-7) + b/70. Calculate the greatest common factor of 42 and r.
21
Let h = 148 - 20. Let l be (-8)/(13/(-4) + 3). Calculate the greatest common factor of h and l.
32
Suppose -47*j + 1711 = -18*j. What is the highest common factor of j and 1298?
59
Let h be -2*((-6)/(-4) + -3). Suppose 0 = h*x - 5*v - 77 - 153, -4*x + 284 = -v. What is the greatest common factor of x and 10?
10
Suppose -8*u + 855 = -3*u. Suppose -5*n = -q - q + 43, -5*n + 14 = q. Calculate the highest common factor of u and q.
19
Let r be ((-8)/(-9) + 4)/(12/54). Calculate the greatest common divisor of r and 110.
22
Let z = 646 - 630. What is the highest common factor of 152 and z?
8
Suppose 3*f = 2*f + 14. Let h be (1/(-2))/((-4)/16). Suppose h*z = 5*z - 168. What is the greatest common factor of z and f?
14
Let w(s) = -s**3 - 12*s**2 + 10*s - 17. Let n be w(-13). Suppose 4*f = -5*l - 2, 3*l - f = 4*f + 21. Calculate the greatest common factor of n and l.
2
Suppose 3*w = 6, -3*w - 110 = 4*d + 2*w. Let a be (-82)/(-6) - 10/d. Calculate the highest common factor of 70 and a.
14
Let k be (-3 + 6 + -4)/(-1). Let g(q) = -q**3 - 4*q**2 - 3*q + 2. Let u be g(-3). Calculate the highest common factor of u and k.
1
Let a be (-8)/(-56)*14/(-4)*-18. What is the highest common factor of a and 96?
3
Let i(m) = -m**2 + 36*m + 321. Let w be i(43). Suppose -d - p = -6*p, 2*p - 17 = -3*d. What is the highest common divisor of d and w?
5
Let t(p) = p**3 - 39*p**2 + 32*p + 239. Let h be t(38). Calculate the greatest common divisor of h and 847.
11
Let f(y) be the first derivative of -11*y**2/2 - y + 5. Let u be f(-2). Calculate the greatest common factor of 147 and u.
21
Let a(b) = -b**2 - 5*b + 8. Let v be a(-7). Let d(n) = -21*n. Let t be d(v). Suppose -6*f - t = -7*f. Calculate the highest common divisor of 14 and f.
14
Suppose -3*r - 23 = -8. Let n = r + 75. Calculate the highest common divisor of n and 14.
14
Let m be 630/49 - 2/(-14). Calculate the highest common divisor of 26 and m.
13
Suppose 8 = -2*l - 4*c, 4*l - 9 = -c - 4. Suppose 4*r + 3*x + 8 - 41 = 0, -3*x = -9. Calculate the highest common factor of l and r.
2
Suppose -5*h = -z + 23, -3*h + 57 = 2*z - 2*h. Suppose 6*t - z = 20. Calculate the greatest common factor of t and 24.
8
Suppose d + 4 = 0, -4*b - b + d + 74 = 0. Suppose -3*s = -s + b. Let p be (s - (4 + -8))*-15. What is the highest common divisor of 5 and p?
5
Let f(n) = -n + 12. Suppose 0 = o - 2*o - 6. Let i be f(o). Suppose 6*g = 5*g - 5*r + 12, r = g. What is the greatest common divisor of i and g?
2
Suppose -13*t = 267 - 4622. What is the greatest common divisor of t and 268?
67
Let u(m) = m**3 - 9*m**2 + 8*m - 4. Let p be u(8). Let t be 4 + p + 0 - -18. Calculate the highest common divisor of t and 180.
18
Let x(h) = -h**3 - 8*h**3 + 6*h**3 + 6*h**2 + 2*h**3 + 5*h. Let y be x(5). What is the greatest common divisor of y and 75?
25
Let b(c) = c**3 + 29*c**2 - 40*c + 40. Let t be b(-30). Calculate the highest common divisor of 20 and t.
20
Let a = -36 - -256. What is the highest common factor of 20 and a?
20
Let d(a) = -2*a - 6. Let j be d(-4). Let o be -2 - (-1 - j) - -46. Let l = o - 31. What is the highest common divisor of 2 and l?
2
Let k(g) = -10*g + 7. Let j be k(4). Let w = 59 + j. Let z(s) = -40*s - 1. Let n be z(-1). Calculate the greatest common factor of w and n.
13
Let s = 602 + -599. Let u = -8 - -23. What is the highest common divisor of s and u?
3
Suppose 4*o + 14 = g, 1 = -2*g - 5*o - 10. Calculate the highest common divisor of 178 and g.
2
Suppose 16 = a + 5*m, 20 = a + a - 2*m. Let u = -495 - -780. S